uppose 10*n = 12*n + 5*u, -4*u = 3*n. Let a(l) = -l - 3 + l**2 + n*l - 70*l**3 + 71*l**3 + 1. What is a(2)?
8
Suppose -4*v = -2*a - 18, 5*a + 0*a = -2*v - 21. Let w = 8 - 5. Let i(h) = -12 - v*h**w + h**3 - 3*h**2 + 13. Give i(-2).
-3
Let h(g) = -3*g + 7. Let o(m) = m**2 + 12*m + 40. Let b be o(-7). Suppose -b*q - 5*l + l = -239, 3 = 3*l. Suppose 5*w + q = 72. Give h(w).
-8
Let w(v) be the first derivative of v**4/4 + 10*v**3/3 - 41*v**2/2 + 24*v + 3401. Determine w(-13).
50
Let j be (-7)/1*(-1 + 2). Let p(n) be the third derivative of 0 + 269*n**2 + 3/2*n**3 + 1/24*n**4 + 0*n. What is p(j)?
2
Let v(g) = -g**2 - 3*g - 12. Suppose 3*z + 15 = -4*p, 26*p - 25*p - 2 = 5*z. Let s(f) = f - 1. Let i(r) = z*v(r) + 5*s(r). Give i(-8).
7
Let b(l) = l**2 - 11*l + 30. Let a = -21099 + 21104. Give b(a).
0
Let q(l) = l + 13. Let h = -5 - -49. Let o = 52 - h. Suppose 7*s - o*s = 10. Give q(s).
3
Let m(x) = -25*x - 183 - 188 - 3*x**3 + 376 + x**3 - 28*x**2. Calculate m(-13).
-8
Suppose -5*h + 150 = 10*h. Let o(j) = h*j**3 + j**2 - 5*j**3 - 5*j**3 + j**3 - j + 1. Determine o(1).
2
Suppose 36*w - 139 + 67 = 0. Let p(g) be the second derivative of 3*g + 2/3*g**3 + 0 - 3/2*g**2. What is p(w)?
5
Let k(l) = -3*l**2 + 2*l + 13. Let c = -474 - -477. What is k(c)?
-8
Let u(m) be the first derivative of -m**2 + m**3 + 34 + 1/2*m**4 + 7*m + 1/20*m**5. Let o(y) be the first derivative of u(y). Calculate o(-5).
-7
Let i(y) be the second derivative of y**6/720 - y**4/4 - y**2 + 39*y. Let d(s) be the third derivative of i(s). Let p = 2 + -2. Calculate d(p).
0
Let u(j) = 102 + 73*j - 155*j + 77*j. Calculate u(23).
-13
Let r(o) = -o + 1. Let c(d) = d - 2. Let t(u) = -2*c(u) - 3*r(u). Let n = -385 - -389. Suppose -5*a + m - 2 = 0, 0*m = -n*a + 5*m - 10. Determine t(a).
1
Let c(z) = -z + 11. Suppose 191*q - 185*q = 120. Suppose q = -5*l, 3*l - 4 = -4*t + 2*t. Calculate c(t).
3
Let x(z) be the first derivative of -215 - z**2 + 1/2*z**4 + z - 2/3*z**3. Give x(2).
5
Let m(i) be the first derivative of 27*i**2 - 267*i + 2823. Calculate m(5).
3
Suppose -y = -3 - 8. Suppose -5*j + y + 19 = 0. Let i(o) be the first derivative of -o**2/2 - o + 25. Give i(j).
-7
Let k = 61 + -57. Let m(x) = 7*x**2 - 4*x + 15. Let i(t) = t**2 + 2. Let n(j) = 6*i(j) - m(j). Determine n(k).
-3
Let p(b) = b**2 - 15*b + 10. Let r = 1141 - 1127. Calculate p(r).
-4
Let j(x) be the third derivative of -x**5/60 + 23*x**4/24 + 22*x**3/3 - 5*x**2 - 199. Calculate j(-2).
-6
Let y(f) = f**2 - 4*f + 6. Let h(a) = -6*a**2 + 24*a - 37. Let i(p) = -2*h(p) - 13*y(p). Suppose -7*v + 16 = -3*v. Determine i(v).
-4
Let p be -5 - 14/(126/117). Let x(r) = -r**2 - 6*r + 207. Determine x(p).
-9
Let t(y) = y**2 - 11*y - 9. Suppose 463 = 3*z - 284. Suppose -z*u + 250*u = 12. Give t(u).
3
Let h(l) = -l**2 - 26*l + 16. Let f be h(0). Let z(v) = -v**2 + 15*v - 32. Give z(f).
-48
Let u = 8 + -4. Suppose 0*x = -u*x + 5*w + 40, -w = -x + 9. Let p(y) = -2 - 4 - x - y + y**2 - 6*y. What is p(8)?
-3
Suppose 5 + 85 = 4*s + r, 2*s - 38 = -4*r. Suppose b = c + 11, s*c - 4*b + 50 = 18*c. Let w(h) = -h**3 - 7*h**2 - 6*h. Determine w(c).
0
Let g(o) = -o**3 + 2*o**2 + 2*o + 24. Let w = -3808 - -3812. Determine g(w).
0
Let u(w) = -w + 161. Let v(m) = -m - 481. Let b(z) = -8*u(z) - 3*v(z). Give b(-14).
1
Suppose 161 = 12292*g - 12315*g. Let x(t) = 4*t + 2 - 2. Give x(g).
-28
Let w(a) = -a**3 + 8*a**2 - 3*a - 5. Let n = 10501 - 10493. Determine w(n).
-29
Let c(m) = 26*m - 5. Let y = -2284 - -2286. Give c(y).
47
Let w be (215/60 - 4)*-12. Let a(k) = -22792*k + 22791*k + 0 - w. Suppose -4*i + 0*i = 0. Calculate a(i).
-5
Let b(h) = -3 - 15*h - 13*h + 58*h - 6*h - 9*h. Determine b(-2).
-33
Let m(p) = 50*p**3 - 31*p**2 - 12*p + 7. Let s(f) = -13*f**3 + 8*f**2 + 3*f - 2. Let a(c) = -6*m(c) - 23*s(c). Calculate a(3).
4
Let p(b) = -5 - 3*b + 8*b**2 - 4*b**2 + 8*b - 3*b**2. Let d be (-4)/(-30)*9*-5. What is p(d)?
1
Let w(u) = u**2 + 2*u - 1. Let g be w(-4). Let p = -670 - -715. Let o(s) = -4*s**2 - s**3 - p - g*s**2 + 38 + 11*s. What is o(-12)?
5
Let r(x) = 2*x**2 + 46*x + 34. Let i = 3383 + -3405. Determine r(i).
-10
Suppose 4*y - 25 = 5*s, -y = -2*y + 2*s + 10. Suppose -i + 1 - 2 = 0, y = -2*r - 3*i + 19. Let q(o) = -o**3 + 11*o**2 - o + 6. Calculate q(r).
-5
Let u be ((-1)/(-4))/(17*(-17)/2601)*-4. Let b(c) = 2*c**2 + c - 1. Let h be b(1). Let n(l) = -8*l**2 + 0*l - h*l + l**3 - 11 - 6*l. Give n(u).
-2
Let f(h) be the first derivative of -2*h**3/3 - 9*h**2/2 - 4*h + 6382. Let i(s) = s**2 + 8*s + 8. Let v be i(-6). Give f(v).
0
Let r(w) = -2*w**3 + 13*w**2 - 9*w + 15. Let c be (-13 - 1570/(-120))*72. Determine r(c).
-3
Suppose 250 = 13*v - 140. Let i = v - 30. Let b(n) be the third derivative of -n**6/120 + n**5/60 + n**4/24 - 3*n**2. Calculate b(i).
0
Suppose 140*h - 13 = 5*v + 136*h, 5*h - 10 = 5*v. Let c(x) = x**3 + 8*x**2 + 11*x - 7. Calculate c(v).
13
Let a be (-1)/(-5) + ((-6)/10)/3. Let s(o) be the third derivative of o**5/60 + o**4/24 - 4*o**3/3 - o**2 + 1. Give s(a).
-8
Let u(q) = 3*q + 23. Suppose -4*c + 2*o = -175 + 207, -5*o + 8 = -2*c. Determine u(c).
-4
Let f(x) = x**3 + x**2. Suppose -4*u + 0*u - 5*w - 15 = 0, 5*u + 5*w + 15 = 0. Suppose -4*s - 30*s = u. What is f(s)?
0
Let u(o) = -11*o + 138. Let j(n) = 24*n - 303. Let w(p) = -6*j(p) - 13*u(p). Calculate w(24).
0
Let v(d) = -d - 11. Let j(n) = -n**3 - 9*n**2 + 16*n + 77. Let u be j(-11). Let g = u + -158. Give v(g).
4
Let w(s) be the second derivative of s**5/20 + 13*s**4/12 - 9*s**3/2 + 51*s**2/2 - 2*s + 75. Let o be w(-15). Let c(n) = -4*n + 19. What is c(o)?
-5
Let i be 3*(-28)/((-392)/(-42)). Let y(s) = -3*s - 13. Give y(i).
14
Suppose -p - 2 + 0 = 0. Suppose -8*l + 244 = -332. Let y(w) = -145*w**2 + 2 + l*w**2 + w + 72*w**2. Determine y(p).
-4
Let a be 0/(((-2)/3)/((-6)/27)). Let c(x) = -28120*x + 10 + 28121*x + 0. Calculate c(a).
10
Let h(b) = 4 + 3*b**3 + 16*b**2 + 209795*b - 209809*b - 4*b**3. Calculate h(15).
19
Let k(a) = -a - 1. Let g be k(5). Suppose -122*c = -89*c + 264. Let v be -9*(-2 + c/g). Let t(j) = j - 8. Determine t(v).
-2
Let d(x) be the third derivative of x**6/60 - x**5/12 + x**4/8 + 7*x**3/6 + x**2 - 6. Give d(3).
25
Suppose 330 = 23*y - 8*y. Suppose y*v - 12*v - 40 = 0. Let o(w) be the third derivative of -w**4/24 + 2*w**3/3 + w**2. Calculate o(v).
0
Let f(i) = 5*i + 20. Let q(n) = -6*n - 19. Let d(r) = -3*f(r) - 2*q(r). Suppose 2000*k = 2006*k + 54. Give d(k).
5
Let i(a) be the second derivative of a**5/20 - 7*a**4/6 + 2*a**3 + 5*a**2 + 3*a. Let k = 504 - 491. Calculate i(k).
-3
Let k(z) be the second derivative of -z**4/12 - 4*z**3/3 + 5*z**2/2 + z. Suppose -4*f + 5*a = 845 - 21, -f = -4*a + 195. Let i = -217 - f. Give k(i).
17
Let u(f) = -4*f**2 + 15*f - 10. Let l(a) = -5*a**2 + 19*a - 13. Let q(h) = -3*l(h) + 4*u(h). Suppose 3*i + 7 = -v + 19, 0 = i - 5*v + 12. Determine q(i).
-1
Let i(n) = -140*n**2 + 17*n + 14. Let o(p) = 31*p**2 - 4*p - 3. Let u(m) = -2*i(m) - 9*o(m). Let k = 11 + -7. Determine u(k).
23
Let f(u) = u**3 + 84 - 103*u**2 + 931*u + 181*u**2 - 930*u. Give f(-78).
6
Let n(y) be the first derivative of 3*y**2/2 + y - 1523. Give n(6).
19
Let j(f) = 6*f - 16. Let p(n) = -9*n + 23. Let k(t) = 8*j(t) + 5*p(t). Let h(u) = -u**3 - 23*u**2 - u - 12. Let x be h(-23). Give k(x).
20
Let l(h) = 3*h**3 + h**2 + h. Let a(x) = 20*x - 101. Let p = 565 + -560. Let k be a(p). Give l(k).
-3
Let t(x) be the third derivative of -x**7/1680 - x**6/120 - x**5/60 - x**4/6 - 90*x**2. Let j(k) be the third derivative of t(k). Calculate j(-6).
12
Let u(q) = -q**3 + 8*q**2 - 9*q + 8. Let s(o) = -178*o - 1951. Let w be s(-11). Calculate u(w).
-6
Let g(f) = 5*f**2 - 2*f - 4. Let v(t) = t**2 - t - 1. Suppose 5*u - 9 = -39. Let z(w) = u*v(w) + g(w). Give z(6).
-10
Let b(y) = -26*y**3 - 4*y**2 - y + 1. Let n(q) = 104*q**3 + 17*q**2 + 4*q - 4. Let x(i) = 17*b(i) + 4*n(i). Give x(1).
-26
Let f(t) = t**2 - 16*t - 45. Suppose 20*c + 12*c = 366 + 242. Give f(c).
12
Let u(n) = 8*n**2 - 1 + 5 + 6*n + 0*n + n**3. Let w(d) = 105*d + 4403. Let r be w(-42). Give u(r).
11
Let u(o) = -16*o - 209. Suppose -38 = 4*m - 2*x, 0 = 2*m - 11*x + 13*x + 34. Give u(m).
-17
Suppose -2*t + 8 = 6. Let k(z) = -z + 1. Let j(r) = -6*r**2 - 3*r + 28. Let o(g) = j(g) - 2*k(g). Let v(c) be the first derivat